 1329, -2*s - 1457 - 5201 = -5*x. What is the highest common divisor of 24 and x?
12
Suppose -3*f - 34 = -364. Suppose -f = -0*w - w. Let c(g) = -29*g - 541. Let q be c(-19). What is the highest common divisor of w and q?
10
Let o(d) = 81*d**3 - 3*d**2 - 80*d + 319. Let c be o(4). What is the greatest common divisor of c and 130?
65
Suppose 5*z = -2*t - 22, 4*t = -5*z - 0 - 24. Let a = 6 - 0. Let x = t + a. Calculate the highest common divisor of 35 and x.
5
Suppose 14*v + 83 = 3*f + 13*v, 5*f - 4*v - 150 = 0. Let z be ((f/(-5))/(-1))/((-2)/(-50)). What is the highest common divisor of 30 and z?
10
Let x(w) = -29*w - 235. Let p be 100/(-9) - 5/(-45)*1. Let a be x(p). Calculate the greatest common factor of a and 224.
28
Let u = -50196 - -50290. Let c = 6 - 4. Calculate the greatest common factor of c and u.
2
Let v = 2027 + -2016. What is the highest common divisor of 4631 and v?
11
Let y be (-1 - 0)/((5 + -2)/3). Let x be y*((-15)/(-3) - 554). What is the greatest common factor of x and 9?
9
Let m = 110 - 99. Let f(a) = 4*a**2 + 2*a - 121. Let x be f(m). Calculate the highest common divisor of x and 11.
11
Let d(t) = -4*t**2 + 48*t + 280. Let c be d(-6). Let m be (55/(-4))/(38/c). What is the highest common factor of m and 1870?
55
Let h(q) = q**3 - 11*q**2 - 3*q - 17. Let u be ((-60)/88 + 4/22)*2. Let v be u - (4 + -19 + 2). Let z be h(v). Calculate the highest common divisor of 13 and z.
13
Suppose 0 = -10*l - 18*l + 196. Let u(h) = -h**2 - 7*h + 21. Let m be u(-9). Suppose 0 = 2*i + m - 157. What is the greatest common factor of l and i?
7
Suppose 2*t - 1812 = -2*c, 4*t - 4*c - 1868 = 1748. Let o = 1140 - t. Calculate the highest common factor of o and 5.
5
Let r = 22 - 11. Let t be 5/(-2) + 3 + (-520)/(-16). Calculate the greatest common divisor of r and t.
11
Let f = -812 - -818. Let k be ((-4)/(-1) + -7)*(-248)/f. What is the greatest common factor of k and 8?
4
Let j(u) = -u**3 - 2*u**2 + 1. Let i be j(-3). Suppose 861 = 23*q - 726. Let b be q - (3/(-6))/((-4)/(-8)). Calculate the highest common divisor of i and b.
10
Let h(m) = 38*m**3 - 42*m**2 - 19*m - 8. Let l be h(5). Calculate the highest common divisor of l and 33.
33
Suppose 9*l = 12 + 6. Suppose -7*v = -3*v - l*u - 148, -100 = -3*v - 4*u. Calculate the greatest common factor of 8 and v.
4
Let j = 206 - 204. Suppose 5*y + 2*i + 184 = -32, 2*y + 81 = i. Let o be j/(y/(-309)) - (-8)/28. Calculate the highest common divisor of 15 and o.
15
Let k be (-20 + 0)/(15/(300/(-16))). Calculate the greatest common factor of 20275 and k.
25
Let i be (2/(-3))/(-2)*339. Let m(w) = 96 - i - 8*w - 12*w. Let r be m(-2). What is the greatest common factor of r and 23?
23
Suppose -2*s = -5*s + 51. Suppose 2*z + 6 = 6. Suppose q + 38 - 55 = z. What is the highest common divisor of q and s?
17
Suppose -41 + 17 = -3*a. Let n be (76/5)/(22/110). Calculate the highest common factor of n and a.
4
Let n(r) = -201*r + 5283. Let j be n(-47). What is the greatest common factor of 15 and j?
15
Suppose 0 = -85*r - 82*r + 32*r + 8910. Suppose 5*w + 2*v - 1330 = 0, w - 3*v + 7*v = 284. Calculate the highest common divisor of r and w.
66
Suppose -1785 = -5*l + 14*q - 16*q, -3*q = -l + 357. Calculate the highest common factor of l and 2023.
119
Let a be (14/(-6) + -1)*(41 - 44). Suppose -q + 24 = a. Let w be 7*(1 - 2)*-3. Calculate the highest common factor of q and w.
7
Suppose 35*u = -2971 + 4336. Calculate the greatest common divisor of u and 2379.
39
Suppose 3740 = 25*l - 3*l. Let m = l + -97. What is the highest common divisor of m and 657?
73
Let y be 739 - (1 - (49/21 - (-10)/15)). What is the greatest common factor of y and 19?
19
Let c be ((-5538)/(-12))/(-13)*-8. Let v = -281 + c. Calculate the greatest common factor of 27 and v.
3
Suppose -32*h + 36*h = 28 + 12. What is the greatest common divisor of 242 and h?
2
Let s be (2/(-5))/((-15)/(-1875)). Let i be (-1)/(-3) + (-400)/(-6). Let m = s + i. Calculate the highest common divisor of 34 and m.
17
Let j(c) = -c**3 - 8*c**2 - 4*c - 30. Suppose -13*z - 36 - 68 = 0. Let u be j(z). Let b be (-16 + 0)*2/(-2 - u). What is the greatest common factor of b and 12?
4
Let r = -49 - -52. Suppose r*w - 10*w = -147. Let p be (-6)/2 - 6*-11. Calculate the greatest common divisor of w and p.
21
Let n be 17 + (-84)/36*-6. Suppose 0*b + 3534 = 6*b. Calculate the greatest common factor of n and b.
31
Suppose -4*d = u - 33 - 20, 119 = 3*u + 2*d. Let x = u + -46. Let t be 24/108 - 43/x. What is the highest common factor of t and 5?
5
Suppose -6*n - 222 = -78. Let h = 0 + n. Let t = h - -45. Calculate the highest common divisor of 210 and t.
21
Suppose y - 53 = 3*b, -3*y - 49 = -2*b - 138. Let q(n) = 6*n - 9 + 11*n + 4*n. Let c be q(7). What is the greatest common factor of y and c?
23
Suppose -20 = -4*h, 61*h = -2*k + 56*h + 4617. What is the greatest common divisor of k and 154?
14
Let l = 47 - 41. Let f be (-92)/l*(-8 - (-8)/4). Let r = f + -84. Calculate the greatest common divisor of 1 and r.
1
Let q = -5703 - -6536. What is the greatest common factor of 17 and q?
17
Let g = 2935 - 2903. Calculate the highest common factor of 104 and g.
8
Suppose -v - 19 = -3*g, 0 = 3*g + 9*v - 8*v - 11. Suppose 3*d - 450 = d. Calculate the greatest common divisor of g and d.
5
Let t = -147 + 308. Suppose -t = 2*d - 545. Calculate the greatest common factor of d and 6.
6
Let y(n) = -377*n + 675. Let o be y(0). Calculate the highest common factor of 120 and o.
15
Let a be 6/(-45) - ((-1363744)/255 + 8/(-68)). Calculate the highest common divisor of a and 56.
28
Let t(i) = i**2 + 62*i + 543. Let v be t(-52). What is the greatest common factor of 2047 and v?
23
Suppose -3*n - 58427 = -4*t + 5077, 2*t - 31724 = -2*n. What is the greatest common factor of t and 460?
230
Let m = -21 - -27. Let c be (-8)/m + (-3408)/9. Let v be (-8)/(-10)*(-7)/(14/c). Calculate the highest common divisor of v and 19.
19
Let x = -1 + -2. Let a(r) be the first derivative of -4*r**2 + 771. Let k be a(x). What is the greatest common factor of k and 36?
12
Let m(x) = -x + 27. Let i be m(18). Suppose c = i*c - 112. What is the greatest common divisor of 112 and c?
14
Let o(b) = 7*b - 19. Let d be 132/8*4*3/(-18). Let q be o(d). Let s = 173 + q. Calculate the highest common divisor of 7 and s.
7
Let v = 1772 + -1748. Suppose 0 = -4*h - 2*q + 76, -19 = -h - 2*q + 3. Calculate the greatest common factor of v and h.
6
Suppose 2*j - 73 - 95 = 0. Let u = j - 80. What is the greatest common divisor of u and 52?
4
Suppose 0 = 33*o - 38*o - 15. Let i be 5*((-9)/5 - o). Suppose 1 = -i*w + 7*w. Calculate the greatest common factor of 7 and w.
1
Suppose -42*p + 34*p + 1872 = 0. Calculate the highest common factor of p and 5018.
26
Suppose 162*n - 530 = 152*n. What is the greatest common divisor of n and 159?
53
Let c(z) = z**2 - 59*z + 148. Let t be c(2). What is the greatest common divisor of t and 4131?
17
Let y be 22 - (4/18 - (-64)/36). Suppose 0 = -5*b - 258 - 407. Let a = -53 - b. What is the greatest common factor of y and a?
20
Let o = 269 + -268. Let g = -9 + 13. Suppose 1 = w - g*x + 2*x, 3*w - 23 = x. What is the highest common divisor of o and w?
1
Let l be (-7)/196*-7903 - 6/(-8). Let c = -206 + l. Let n be 1/3 - (-40)/6. What is the highest common divisor of c and n?
7
Let i = 1520 + -1468. Calculate the highest common divisor of i and 1040.
52
Let w(f) = 12*f + 24. Suppose -2*j = 19*j - 42. Let x be w(j). Let p = -37 - -53. Calculate the highest common divisor of x and p.
16
Let l(f) = 6*f + 128. Let s(v) = -7*v - 129. Let r(g) = 6*l(g) + 5*s(g). Let k be r(-33). What is the greatest common divisor of k and 60?
30
Suppose -n - 6 = 4*j, 2*n + 3*j + 7 = 5. Let q be (n/1)/(-6 - (-1020)/168). Calculate the highest common factor of q and 28.
28
Let i(h) = -h + 112. Suppose 63*d = 31*d + 992. Let b be i(d). Let l = 11 + -2. Calculate the highest common divisor of l and b.
9
Suppose 560 = -5*m - 9*m. Let i = -37 - m. Suppose 2*z - 440 = -i*z. Calculate the greatest common factor of 8 and z.
8
Let j = -19 - -30. Let y be (1/10*4)/(86/1075). Suppose -y*o - r = -62, -2*r = j - 5. Calculate the greatest common divisor of 104 and o.
13
Let n be 35 + (-2)/(-4)*(-1316)/(-94). What is the greatest common divisor of n and 